1, -p + 36 = 3*w - 87. Let m = -12 + w. Let y = -20 + m. List the prime factors of y.
2, 5
Suppose -3*u = 3, 3*r + 2*r = 5*u - 50. Let n(c) = -c**3 + 4*c**2 - 5*c - 2. Let t be n(4). Let v = r - t. List the prime factors of v.
11
Let r be 2*3/(-6)*-1. Let b be (-3)/(-3) - r*4. Let p(s) = -4*s - 1. List the prime factors of p(b).
11
Let k(r) = -46*r + 1. Suppose 4 = 4*f, 1 = 4*m - f + 6. List the prime factors of k(m).
47
Let h be -6*(0 - 1)/(-1). Let l(x) = 6*x**2 - x - 1. Let w be l(3). What are the prime factors of (-3)/9 - w/h?
2
List the prime factors of 114/(-4)*(-1 + (-39)/9).
2, 19
Suppose 0 = -l + 2*m + 10, 2*m + 2*m = 3*l - 26. What are the prime factors of l*((-4)/(-2) + -1)?
2, 3
Suppose -26 + 6 = -2*s. What are the prime factors of ((-12)/s)/(3/(-30))?
2, 3
Suppose -7*b = -8*b + 83. List the prime factors of b.
83
Let h be 1/(((-6)/(-9))/2). Suppose 0 = -4*d + h + 237. List the prime factors of (4/5)/(8/d).
2, 3
Suppose 7*f = 5*f + 16. List the prime factors of f.
2
Suppose 4*f - 7 = -87. Let l = f + 41. List the prime factors of 28/l*15/2.
2, 5
Suppose x + 191 + 15 = 4*c, 10 = -5*x. What are the prime factors of c?
3, 17
Let j = -4 + 7. Suppose -5*u + j*u = -30. List the prime factors of u.
3, 5
What are the prime factors of 1*6 - (-10 + 7)?
3
Let t(w) = w**3 + 3*w**2 - w + 2. Let y be t(-3). Suppose 2*v - 7 = g, -y*g - v - 4*v = -40. Suppose -c + 0*c + g = 0. List the prime factors of c.
3
Suppose -5 = -3*q - 20. What are the prime factors of (-1)/(-1)*(-55)/q?
11
Let l(i) be the second derivative of i**3/6 + 5*i**2/2 + 3*i. Let t be l(-5). What are the prime factors of (t + -12)*(1 - 2)?
2, 3
Let g(n) = 9*n**2 - 20*n + 21. Let j(i) = -4*i**2 + 10*i - 10. Let d(o) = 3*g(o) + 7*j(o). What are the prime factors of d(7)?
2, 7
Let p = -354 + 557. What are the prime factors of p?
7, 29
Let j be (4/6)/((-2)/(-9)). Suppose -5*w = -2*x - 211, 3*w = -j*x + 94 + 41. Suppose 2*k = -2*v - 0*k + 22, -5*k + w = 4*v. List the prime factors of v.
2, 3
Let g be 12/42 - (-270)/(-14). Let k = g - -31. List the prime factors of k.
2, 3
Suppose -1 = -t, 4*y + 3*t - 365 = 2*y. What are the prime factors of y?
181
Let c(v) = 94*v**2 - v + 2. What are the prime factors of c(1)?
5, 19
Suppose -h + 8 = 5*k + 1, 3*h - 2*k = 4. List the prime factors of h.
2
What are the prime factors of (-25 - 0)*(-8)/10?
2, 5
Let g(m) = 20*m**2 + 3*m. What are the prime factors of g(1)?
23
Suppose -3*n + 18 = -4*n. List the prime factors of ((-96)/n)/(4/6).
2
Suppose -2 = 4*t - 18. Suppose -6*l = -t*l - 18. What are the prime factors of l?
3
Let r(o) = -42*o + 1. Let z be r(-2). Suppose z = j + 4*j - y, 4*y + 34 = 3*j. What are the prime factors of j?
2, 3
Let v(u) = -u**3 - 6*u**2 - 3*u - 3. Let n be v(-6). Suppose -2*l = -3*g - 15 - n, -5*l - 3*g = -117. What are the prime factors of l?
3, 7
Suppose -3*l + l + j + 7 = 0, -l + 4 = -j. Suppose l*h = 4 + 8. Suppose -h*r + 28 = -16. List the prime factors of r.
11
Suppose -15 = 5*d, 156 = -0*n + 3*n - 2*d. What are the prime factors of n?
2, 5
Suppose v = -0*v + 22. List the prime factors of v.
2, 11
Suppose -n = 2*f - 9, f + 2*n + 0*n - 6 = 0. Let b be (-42)/(-4)*f/2. What are the prime factors of 6/b - (-178)/14?
13
Let i(c) = 20*c + 2. List the prime factors of i(1).
2, 11
Let a be 2/(3*(-4)/(-318)). Suppose 2*g + a = 19. Let p = g - -28. What are the prime factors of p?
11
Let n = 602 + -351. What are the prime factors of n?
251
Let u = -10 + 14. Let d be -2 + u + (-8)/1. Let v(s) = s**3 + 6*s**2 - 2*s - 6. List the prime factors of v(d).
2, 3
Let u(h) = -h**3 - 2*h**2 - 2*h - 4. What are the prime factors of u(-3)?
11
What are the prime factors of 2/5 + (-1353)/(-5)?
271
Let m(q) = q**2 - q - 3. Let x be m(3). Suppose -x*z + 32 = z. What are the prime factors of z?
2
Let s = 5 - 1. Suppose t + 40 = -s*t. What are the prime factors of (-2)/(-3) - t/6?
2
Suppose 3*x - 26 = 37. Suppose -2*j + 7 = -x. What are the prime factors of j?
2, 7
Let t = 19 + -33. Let l = -4 - t. Suppose 3*i - 34 = z, 5*z + l = -5*i + 4*i. What are the prime factors of i?
2, 5
What are the prime factors of (18 - -5) + (3 - 2)?
2, 3
Let r(u) = u**3 - u**2 - 1. Let o(f) = 4*f**2 - 4*f - 1. Let j(i) = -o(i) - 2*r(i). Let w be j(-3). List the prime factors of 4/(-18) - (-276)/w.
2, 5
Let r = -3 + 6. Suppose r*k - 20 = -t, 0 = 4*k + t - 11 - 16. Suppose b - 3*m - 1 = k, 2*m + 31 = 3*b. List the prime factors of b.
11
Suppose 4*j = -4*g + 340, -3*j + 5*g = 3*g - 235. What are the prime factors of j?
3
Suppose 3*d + 8*v - 44 = 4*v, 4*d - 3*v - 17 = 0. Let g(o) = d + 1 + o**3 + o**2 - 1. List the prime factors of g(0).
2
Suppose 4*h = -h + 15, m + 3*h - 5 = 0. What are the prime factors of 42/10 - m/(-20)?
2
Let g(t) = 69*t + 8. List the prime factors of g(2).
2, 73
Let y = -7 - -4. Let a(o) = 3*o**2 + 2*o - 1. List the prime factors of a(y).
2, 5
Let f(a) = a**2 + 9*a + 13. Let b be f(-7). Let i = b + 12. List the prime factors of i.
11
Let w = 0 + 7. Suppose 3*k + w = 61. What are the prime factors of k?
2, 3
What are the prime factors of (-6)/(-15) + 1815/25?
73
Let m = 382 + -273. List the prime factors of m.
109
List the prime factors of 0*(-3)/(-9) + 8.
2
Suppose 2 = 2*n - 2. Let m be n*-1 + 3 - 1. Suppose 3*j - 13 - 14 = m. List the prime factors of j.
3
Let k = 67 + -32. What are the prime factors of k?
5, 7
Suppose 3*v - 135 = -0*v. Let y = v + -22. List the prime factors of y.
23
Suppose 0*f + 5 = f. Suppose 2*v = 2*c + 44, 0*v + 106 = -f*c + 4*v. What are the prime factors of c*(15/(-6))/5?
3
Suppose 5*r - 4*m = 8, 4*r + 4*m - 6 = 22. Suppose -r*k + 3 = -17. Suppose -4 = k*t - 34. List the prime factors of t.
2, 3
Let w = 1 - -12. Suppose f + 17 = 3*j + 6*f, -3*j + w = f. Suppose -53 = -4*l + 5*v + 21, 2*v + j = 0. List the prime factors of l.
2
Suppose -6*p + 7*p - 34 = 0. What are the prime factors of p?
2, 17
Let k = -62 - -75. List the prime factors of k.
13
Suppose -689 = -4*z + 95. What are the prime factors of z?
2, 7
Let j(a) = -a**2 - 2*a + 1. Let x be j(-2). Let m(f) = -f - 2 - x - 5. What are the prime factors of m(-10)?
2
Let b(a) = a**2 - 3*a - 4. Let i be b(5). Let v be 8/(-12) + 10/i. Suppose -31 + v = -5*y. What are the prime factors of y?
2, 3
Let k(g) = -3*g**2 - g + 2. Let f be k(-2). Let l = f - -29. What are the prime factors of l?
3, 7
Let c(a) = 7*a. What are the prime factors of c(7)?
7
Let l(i) = -i**2 - 4*i + 2. Let g be l(-3). Suppose -2*a - g*u = -51, -2*u - 29 = -a - 2*a. List the prime factors of a.
13
Let i = 0 + -8. Let g(z) = -z**3 + 6*z**2 - 2*z + 7. Let k be g(6). Let q = k - i. List the prime factors of q.
3
Let z(v) = -v**2 - 5*v + 37. What are the prime factors of z(-8)?
13
Suppose -3 = 5*u + 17. List the prime factors of ((-9)/3)/(2/u).
2, 3
Suppose t - 4*q = 28, -t - 3*q - 86 = -5*t. List the prime factors of t.
2, 5
Suppose -3*h = -12 - 3, -4*h = -2*w - 24. List the prime factors of ((-11)/w + -1)*2.
3
Let v(j) = -j - 10. Let z be v(-7). Let o = z - -11. List the prime factors of o.
2
Let k = -40 + 143. List the prime factors of k.
103
Let t(x) = -2*x - 2. Let k be t(-6). Suppose -3*c + k = 2*c. List the prime factors of c.
2
Suppose -11*u + 12*u - 15 = 0. Suppose v - 2 = 0, 0*v - 3*v = -3*p + u. List the prime factors of p.
7
Suppose -41 = -f + 140. List the prime factors of f.
181
Let r(w) = -w**3 - 6*w**2 - 5*w + 3. Let q = -3 - 2. Let l be r(q). Suppose 3*y - 30 = -l*i, 4*i - 2*y = 5*i - 10. What are the prime factors of i?
2, 5
Let u(n) = n**2 - 4*n - 2. Let p = -18 + 14. List the prime factors of u(p).
2, 3, 5
Let q(f) = -f + 23. List the prime factors of q(0).
23
Suppose j + 21 = 4*j. Suppose -83 = 2*s + j. Let c = -28 - s. What are the prime factors of c?
17
Let j(x) = 3*x - 2 - 2*x**3 + 3*x**3 - 2 - 3*x**2. Let a be j(3). Let d(r) = r**3 - 5*r**2 + 3*r + 7. What are the prime factors of d(a)?
2, 11
Suppose -3*g = 2*q - 19, -q - 4 = -4*g - 8. Suppose 2*l + q = l. Let u = -2 - l. What are the prime factors of u?
2, 3
Suppose -2*v = -3*c + 10, 2*c = -4*v - 15 - 5. Let g(n) = -n**2 - 7*n - 1. What are the prime factors of g(v)?
3
Let o(g) = g**3 - 15*g**2 + 17*g - 20. What are the prime factors of o(14)?
2, 11
Let u = -11 - -7. Let b be (-2)/u*30/3. Suppose 4*d = b*c - 72, -c - d - 51 = -5*c. L